ppose 12*m = 20*m - a. Is m a composite number?
False
Let j = 206 - -620. Let n = j + 32169. Is n a prime number?
False
Suppose 0 = 30*u - 2614250 - 585280. Is u a composite number?
True
Let k be 30/12*(-3 + (-19)/(-5)). Suppose k*u + 11*o = 6*o + 11532, -3*o = -u + 5777. Is u composite?
True
Let i = -74021 + 106502. Let p = i - 23170. Is p prime?
True
Suppose -168 = 4*l - 11*l. Let o = 40 - l. Is o + -12 + (208 - 1) composite?
False
Suppose -21*p + 1004 = -2293. Let z = 8 - 3. Suppose -3*x = -2*x + 2*q - 185, 0 = x - z*q - p. Is x prime?
False
Suppose 2*f - f + 2*v - 27977 = 0, -4*f + 5*v + 111947 = 0. Is f a composite number?
False
Let r(i) = -i**2 - 29*i + 30. Let x be r(-30). Let a(n) = -2*n**2 + 2*n + 2991. Is a(x) a prime number?
False
Let x = -245549 + 367618. Is x a composite number?
False
Suppose 144072 = 121*p - 117*p. Is 3/(3 - p/12007) a prime number?
True
Suppose -4*d = -5*a - 74187 - 7731, 0 = -3*d - 4*a + 61423. Is d composite?
False
Let p = 35 + -25. Suppose p*g = 6*g + 5524. Is g a composite number?
False
Suppose 0 = -r + 6, 3*w + r - 1017170 = 98227. Is w prime?
True
Let v(r) = 1055*r**2 + 63*r - 379. Is v(7) prime?
False
Suppose -264 = 3*t - 7*t. Is 242/t*(176 + 1) a composite number?
True
Suppose -8 = -8*v + 24. Suppose -3*f = 3*j - 15429, -v*j = f + j - 5151. Is f composite?
True
Let c(s) = 1681*s**2 + 5*s - 1. Let f(w) be the second derivative of -841*w**4/6 - 2*w**3/3 + w**2/2 + 15*w. Let h(i) = -5*c(i) - 6*f(i). Is h(1) prime?
False
Let r(k) = 449*k + 4. Let d = 99 + -83. Suppose 3*i - 2 = -4*w + 11, 0 = -5*i - w + d. Is r(i) composite?
True
Suppose -72*i - 2903750 = -76*i + 3*h, 2 = h. Is i a prime number?
True
Suppose 5*i = 20 + 5, -y = -4*i - 15668. Let f = 27662 - y. Is f prime?
False
Let i(z) = -7*z**3 - 15*z**2 - 23*z - 1. Let j(b) = -6*b**3 - 15*b**2 - 24*b + 1. Let p(n) = -5*i(n) + 6*j(n). Is p(-17) composite?
True
Suppose s + 582 = 3*s. Let h = -951 + s. Let c = 1457 + h. Is c a prime number?
True
Suppose -5*k = -3*j - 119100, -3*k = 3*j - 2*j - 71460. Suppose 9*v = -k + 67569. Is v a composite number?
False
Let j(b) = 14545*b**2 - 4*b - 5. Let m be j(-1). Let z = 20495 - m. Is z a composite number?
True
Let g = -156 - -595. Let s = -263 + g. Suppose -2*r + 338 + s = 0. Is r a composite number?
False
Let c = -563 + 556. Let a = c - -134. Is a a prime number?
True
Suppose 15*q + 0 = 30. Suppose c + 19 = q*c - 4*t, -5*c + t = -19. Is -479*(3/(-1))/c a composite number?
False
Let n be (7 + -3 - 6)/(-1). Let h be (2 - 316)/(n/3). Is ((-10)/(-30))/(470/h + 1) composite?
False
Suppose -4*p - 2*m = -532 - 52, 0 = 5*p + 2*m - 730. Let w = -66 + p. Suppose -o + w + 299 = 0. Is o prime?
True
Let z = 281 + 118. Let p be (0 + -89)*(5 - 15). Let s = p - z. Is s a prime number?
True
Suppose 4*f - 11142 = 2*f. Suppose -6*i = -3*i - f. Suppose -22*x - i = -25*x. Is x composite?
False
Let i(s) = 172*s**2 - 110*s + 461. Is i(-74) a composite number?
False
Suppose 0 = c - 4*t - 18, -3*t - 80 = -5*c - 24. Suppose -c*g - 64220 = -278130. Is g a composite number?
False
Suppose 0*w - 315 = -7*w. Suppose -w*q = -67*q + 266530. Is q a prime number?
False
Let b(q) = 3*q + 9. Let v be b(-2). Suppose m + w - 1940 = 0, -w = 2*m + v*m - 9712. Is m prime?
False
Let n be ((-2)/3)/((-32)/576). Is 5714 + -27*(-4)/n a composite number?
True
Let w(l) = -l**3 - 10*l**2 - l + 77. Let u be w(-9). Suppose -4*h + 59434 = -3*r, -u*r + 6748 = -2*h + 36472. Is h a prime number?
False
Let v(q) = 90*q + 15. Let t be v(-20). Let m = t + 3186. Is m prime?
False
Let d be (4/7)/(16/56). Let m(x) = x**3 - x - 3. Let c be m(d). Suppose k + 1280 = 2*r, 3*r - k - c*k - 1915 = 0. Is r a prime number?
True
Is -2*(-6 + 157170/(-20) - 1) a composite number?
False
Let v(t) = t + 3. Suppose -2*b + 13 = -3*r, 0 = -6*b + 2*b + r + 1. Let a be v(b). Is a/3*(-3123)/(-6) prime?
True
Let g(h) = -16*h**2 + h + 1. Let u be g(-1). Let a(i) = -i**2 - 13*i + 33. Let s be a(u). Let y(p) = p**2 + 11*p + 17. Is y(s) prime?
False
Let y(b) = b**3 - 15*b**2 + 11*b + 27. Let m be y(15). Let c be m/(-10) - (-32)/(-40). Is -3 - 5/(c/4336) a prime number?
False
Is (228/72)/(-19) + (-6495326)/(-12) a composite number?
True
Suppose 11*k - 652 = 7*k. Let r = k + 56. Suppose -5*v + r = -506. Is v prime?
False
Let l be 21 - (1 + -5 + 5). Suppose 0 = 8*a - 3*a + l. Is 1 + a + (-1 - -431) prime?
False
Suppose -73*r + 947488 = -3265452 - 321747. Is r composite?
False
Let s = 63 - 57. Suppose s*t - 31 - 89 = 0. Is t - 6/(-1 + -1) a prime number?
True
Let l = -151041 + 273140. Is l a prime number?
True
Let s = 9906 - -203917. Is s a prime number?
False
Let c(n) = -8604*n + 91. Is c(-6) composite?
True
Suppose -453*o = -464*o + 328009. Is o composite?
False
Let g = -109 + 199. Suppose -g*p + 13443 = -87*p. Is p prime?
True
Let f be 12/(-66) + 8/44. Suppose -10 = -n + 4*u, -u + f - 2 = 0. Suppose -4*r - 1945 = -n*s - 7*r, -3879 = -4*s + 5*r. Is s a prime number?
True
Let u(g) = g - 9. Let w be u(12). Suppose -3*m = -4*q - 1209, -w*m + 5*q = -1006 - 200. Is m composite?
True
Let n(g) = 20*g**2 - 19*g + 15. Let o(a) = 10*a**2 - 10*a + 8. Let q(v) = -3*n(v) + 7*o(v). Let c(r) = 3*r + 11. Let s be c(-9). Is q(s) prime?
False
Let k(g) = -182*g**2 - 908*g + 7. Let b be k(-5). Suppose -y - 4*y - 5 = 0, 0 = 5*r - 3*y + 10732. Is (-4)/(-12) + r/b + 3 a prime number?
True
Suppose 2*j = -4*h + 71594, 5*h + 35762 = -11*j + 12*j. Let l = j - 15686. Is l a composite number?
False
Let j be (21/28)/(1/4). Suppose -j*l = 4*o - 1958, 1465 = 3*o - 0*o + 4*l. Is o a prime number?
True
Let k(g) = -5*g - 11. Let v(z) = 5*z + 11. Let n(r) = -5*k(r) - 6*v(r). Let a be n(-4). Is 4323/a + (-4)/3 prime?
True
Let m(w) = -995*w - 544. Is m(-39) composite?
False
Suppose 0 = 14*l + 34859 + 71121. Let r = l - -12752. Is r prime?
False
Let s(c) = -47592*c - 5653. Is s(-6) a prime number?
False
Suppose -5*v + 5571 = -754. Suppose 5*d - v = -r - 4*r, -510 = -2*r + 2*d. Is ((-9)/18)/((-1)/r) prime?
True
Suppose -5*z + 1410 = 5*l, -3*l = -14*z + 11*z + 816. Let w = 390 - z. Is w composite?
False
Let x(a) = -33*a**3 + 3*a**2 + 13*a - 7. Let b be (-4 - 1/(-1))/3*4. Is x(b) a composite number?
True
Is ((-3354165)/(-150) - -6) + 1/(-10) composite?
False
Let c be 22/14*13/((-13)/(-7)). Suppose 0 = 2*u - 2, f + 3*f + 2*u = 1234. Suppose 0 = c*s - f - 539. Is s a composite number?
True
Let w = 8939 - -36270. Is w prime?
False
Let q(o) = -2646*o - 149. Let a be -13 - -8 - (0/(-1) + 1). Is q(a) composite?
False
Let b = -325 - -321. Let z(a) = -125*a**3 + 2*a**2 + 3*a - 17. Is z(b) prime?
False
Let p = 4 + 1. Let h = p + -8. Is h - (-2 - (-4434)/(-3)) a prime number?
False
Suppose 267*q - 296*q + 241889 = 0. Is q composite?
True
Suppose 23*n + 8358 = 29*n. Suppose 0*p = 2*p - 4*x - 1980, -4910 = -5*p + 2*x. Let v = n - p. Is v a composite number?
True
Is (0 - 2)*(38 + 1032060)/(-5 + 1) composite?
False
Let j(g) = 6*g + 1. Let l be j(4). Let h = l - 20. Suppose -h*c = -9*c + 316. Is c a composite number?
False
Suppose -5*t - 4*r + 35 = 11, 0 = 2*t - 5*r - 3. Let y be t*4/40*5. Suppose -g + y*n = -3697, -g = 2*g - 5*n - 11096. Is g prime?
False
Suppose 4*y = 12, -2*y = 4*j + 21019 - 210101. Is j composite?
False
Let k = -1502 - -3337. Let y = 758 + -1656. Let h = k + y. Is h a prime number?
True
Is (5/(15/(-2)))/(306/(-288711)) prime?
False
Let p be (-1)/(-1 + 228/234). Suppose 0 = p*w - 27*w - 81228. Is w a composite number?
True
Suppose -4*k + 34 + 30 = 0. Suppose a = -a + k. Suppose 4*q - a = 0, -d = -0*d - q - 189. Is d composite?
False
Suppose -3*z - 14 = -2*q, -5*q + 8 = 2*z - 8. Suppose 0 = q*h + 16, 5*m + h - 8886 = -0*m. Is (9/(-6))/((-3)/m) a composite number?
True
Let v be 15*(2 + (-1)/3). Let d be (-213)/(-5) - (-3 + 90/v). Suppose -d*p + 45*p = 2229. Is p a prime number?
True
Let k(d) = 253*d**3 + 10*d**2 + 6*d + 4. Let z(i) = -759*i**3 - 29*i**2 - 17*i - 12. Let s(n) = 17*k(n) + 6*z(n). Is s(-3) a composite number?
False
Let g = -1793252 - -3087421. Is g a prime number?
True
Let s(r) = -109*r + 5074. Is s(-157) a prime number?
False
Let a = -37012 + 79073. Is a a prime number?
True
Let r = 1881 + -1878. Let k = -5 - -7. Suppose -k*w = r*h - 1075, -w - 4*w = 5*h - 1800. Is h prime?
False
Suppose -2*z + 39 = 33. Suppose -z*h + 8*h - 